on factor of 7 and 7?
7
Calculate the greatest common divisor of 34 and 7582.
34
Calculate the greatest common divisor of 29 and 1247.
29
What is the highest common factor of 124 and 328?
4
What is the greatest common factor of 320 and 220?
20
Calculate the highest common divisor of 2653 and 21.
7
Calculate the highest common divisor of 46 and 805.
23
Calculate the highest common factor of 264 and 88.
88
Calculate the highest common factor of 97 and 97.
97
Calculate the greatest common divisor of 86149 and 31.
31
What is the highest common factor of 336 and 245?
7
What is the greatest common divisor of 57 and 6?
3
Calculate the highest common factor of 58 and 9251.
29
What is the highest common divisor of 105 and 45?
15
Calculate the highest common divisor of 53 and 583.
53
What is the greatest common factor of 18382 and 14?
14
Calculate the highest common divisor of 84 and 6.
6
Calculate the greatest common factor of 48 and 176.
16
What is the highest common divisor of 7844 and 148?
148
Calculate the highest common divisor of 238 and 34.
34
What is the highest common factor of 168 and 17304?
168
Calculate the greatest common factor of 105 and 273.
21
Calculate the highest common factor of 345 and 990.
15
Calculate the highest common factor of 114 and 608.
38
Calculate the highest common divisor of 640 and 32.
32
What is the greatest common divisor of 54 and 1998?
54
What is the greatest common divisor of 3632 and 32?
16
Calculate the highest common factor of 1107 and 82.
41
Calculate the highest common factor of 4300 and 40.
20
Calculate the greatest common divisor of 19 and 1368.
19
What is the highest common factor of 27 and 78?
3
What is the greatest common divisor of 128 and 4?
4
What is the highest common divisor of 20 and 53140?
20
Calculate the highest common divisor of 1462 and 986.
34
What is the greatest common divisor of 114 and 78?
6
What is the greatest common divisor of 66 and 957?
33
What is the greatest common divisor of 3 and 48?
3
Calculate the highest common divisor of 31408 and 13.
13
What is the greatest common factor of 21 and 35?
7
Calculate the highest common factor of 16 and 26.
2
What is the highest common factor of 564 and 987?
141
What is the highest common divisor of 21 and 7609?
7
What is the highest common factor of 15 and 155?
5
What is the greatest common factor of 140 and 350?
70
What is the highest common factor of 22491 and 153?
153
Calculate the greatest common factor of 578 and 2.
2
Calculate the highest common divisor of 77 and 11.
11
Calculate the greatest common factor of 690 and 270.
30
Calculate the highest common factor of 1044 and 495.
9
What is the greatest common divisor of 319 and 116?
29
Calculate the highest common divisor of 1394 and 41.
41
Calculate the greatest common divisor of 84 and 6540.
12
Calculate the greatest common factor of 3801 and 21.
21
What is the highest common divisor of 102 and 51?
51
Calculate the greatest common factor of 19 and 1539.
19
Calculate the highest common factor of 26 and 37336.
26
What is the greatest common divisor of 2054 and 26?
26
What is the greatest common factor of 50 and 5675?
25
Calculate the highest common divisor of 60 and 948.
12
Calculate the greatest common factor of 625 and 25.
25
What is the greatest common divisor of 70 and 28?
14
Calculate the highest common factor of 65 and 221.
13
Calculate the highest common factor of 328 and 123.
41
What is the highest common factor of 30 and 2490?
30
What is the greatest common divisor of 92 and 23?
23
Calculate the greatest common divisor of 2937 and 89.
89
What is the greatest common divisor of 6058 and 26?
26
What is the greatest common factor of 93 and 217?
31
What is the greatest common divisor of 27 and 216?
27
Calculate the greatest common factor of 75 and 295.
5
Calculate the highest common factor of 50730 and 10.
10
What is the greatest common divisor of 540 and 60?
60
Calculate the highest common factor of 137 and 121108.
137
What is the highest common factor of 203 and 28?
7
What is the highest common divisor of 2 and 26?
2
What is the highest common divisor of 5 and 145?
5
What is the greatest common factor of 523 and 1?
1
Calculate the highest common factor of 532 and 84.
28
What is the highest common factor of 36 and 126?
18
Calculate the highest common divisor of 603 and 195.
3
What is the greatest common divisor of 760 and 160?
40
What is the highest common divisor of 33 and 264?
33
Calculate the greatest common divisor of 28 and 91.
7
Calculate the highest common factor of 250 and 200.
50
Calculate the highest common factor of 108 and 2304.
36
Calculate the highest common divisor of 24 and 36.
12
Calculate the highest common divisor of 1004 and 4.
4
Calculate the greatest common divisor of 102 and 6.
6
What is the highest common factor of 26 and 26?
26
Calculate the highest common factor of 20 and 710.
10
What is the greatest common divisor of 27 and 522?
9
What is the greatest common factor of 54 and 537?
3
What is the highest common divisor of 41995 and 227?
227
Calculate the greatest common factor of 99 and 9.
9
What is the greatest common factor of 61 and 1952?
61
What is the greatest common divisor of 15 and 63?
3
Calculate the greatest common factor of 45 and 147.
3
Calculate the greatest common factor of 8 and 1000.
8
Calculate the greatest common factor of 1 and 16.
1
Calculate the greatest common divisor of 1343 and 34.
17
Calculate the highest common factor of 6818 and 42.
14
What is the greatest common factor of 7 and 43?
1
What is the greatest common divisor of 161 and 46?
23
Calculate the greatest common factor of 126115 and 11.
11
What is the greatest common divisor of 1325 and 2491?
53
Calculate the greatest common factor of 1108 and 8033.
277
What is the highest common factor of 194 and 8633?
97
What is the highest common divisor of 17 and 459?
17
Calculate the greatest common divisor of 1600 and 2250.
50
Calculate the greatest common divisor of 12342 and 102.
102
Calculate the highest common divisor of 142 and 355.
71
Calculate the highest common factor of 31 and 217.
31
Calculate the greatest common factor of 3 and 543.
3
Calculate the highest common factor of 276 and 1426.
46
Calculate the greatest common factor of 20 and 75.
5
What is the highest common divisor of 35 and 1435?
35
Calculate the greatest common factor of 954 and 18.
18
What is the greatest common divisor of 12131 and 28?
7
Calculate the greatest common divisor of 9 and 1008.
9
Calculate the greatest common divisor of 245 and 35.
35
What is the highest common factor of 374 and 132?
22
Calculate the highest common factor of 817 and 19.
19
Calculate the greatest common divisor of 891 and 162.
81
What is the highest common divisor of 15134 and 282?
94
Calculate the highest common divisor of 711 and 45.
9
What is the greatest common factor of 7 and 2695?
7
What is the greatest common divisor of 45 and 135?
45
What is the highest common factor of 11 and 4367?
11
Calculate the greatest common factor of 4188 and 12.
12
Calculate the greatest common divisor of 10682 and 98.
98
Calculate the highest common factor of 204 and 8400.
12
What is the greatest common divisor of 671 and 121?
11
What is the greatest common factor of 33 and 407?
11
What is the highest common divisor of 149 and 1?
1
Calculate the greatest common factor of 480 and 15.
15
What is the greatest common factor of 36 and 10026?
18
What is the highest common divisor of 4152 and 48?
24
What is the greatest common divisor of 528 and 96?
48
Calculate the greatest common factor of 122 and 183.
61
Calculate the highest common divisor of 504 and 693.
63
Calculate the highest common divisor of 320 and 80.
80
Calculate the highest common factor of 1350 and 1150.
50
Calculate the highest common factor of 1509 and 6.
3
What is the greatest common divisor of 180 and 30?
30
Calculate the highest common factor of 3 and 9.
3
What is the highest common divisor of 17844 and 6?
6
Calculate the highest common divisor of 35 and 2177.
7
What is the highest common factor of 224 and 24?
8
What is the greatest common divisor of 33 and 121?
11
What is the highest common divisor of 17 and 13379?
17
Calculate the greatest common divisor of 814 and 946.
22
Calculate the